 31. Let f = -17 - l. Let j(w) = 1420*w**3 + 0*w - 2844*w**3 - 2*w + 4*w**2 + 1423*w**3. Calculate j(f).
4
Let g be -2 + (-8735)/(-25) - (-2)/(-5). Let j(w) = -g*w - 348*w + 690*w. Let p be 8/(-12) - 1/3. Determine j(p).
5
Let p(o) = 8*o - 16*o + 1 - 11*o. Let w(x) = 171*x + 3250. Let k be w(-19). What is p(k)?
-18
Let y(b) = -b + 18. Let z(a) = 27*a + 432. Let s(q) = 6*y(q) - z(q). Give s(-10).
6
Let x(h) = 7*h**3 + h**2 + 5*h. Let b(q) be the first derivative of -3*q**4 - q**3 - 9*q**2/2 - 83. Let o(f) = 3*b(f) + 5*x(f). Calculate o(-4).
8
Let n(f) = 4*f - 16. Suppose 0*w + 3*r = 5*w, 3*w = -r + 14. Suppose 5*s - 71 = 4*g, -10 = -2*s + w*g + 24. Give n(s).
28
Suppose 0 = 4*f, 0 = 30*j - 34*j - 5*f + 40. Let m(k) = 3*k - 26. Determine m(j).
4
Let f be 4/14 - 122/(-14). Let o(x) = 3*x**2 - 6*x + 3. Let l(s) = 13*s**2 - 23*s + 14. Let w(v) = -2*l(v) + 9*o(v). What is w(f)?
8
Let s(j) = -j**2 + 37*j + 112. Suppose 142*h + 116 + 250 = -60. What is s(h)?
-8
Let n(l) = -3*l + 54. Suppose -42*u = -40*u - 3*b - 37, 2*b = 2*u - 38. Determine n(u).
-6
Suppose 5*u - 2 = 6*u + 5*w, -u + w = 2. Let t(c) = -3*c + 10. Let p(i) = -2*i + 6. Let l(k) = -5*p(k) + 3*t(k). Determine l(u).
-2
Let x(d) = -d**2 + 17*d - 51. Let p be x(5). Let b(k) = -k**2 + 13*k + 15. Calculate b(p).
51
Let j(h) = -h**2 + 8*h - 5. Let b = 209 - 206. What is j(b)?
10
Let l = -138 + 410. Suppose -9*h = -17*h - l. Let j = 32 + h. Let w(y) = -y - 1. Calculate w(j).
1
Let d(j) be the third derivative of j**5/60 + j**4/8 - j**3/2 - 14*j**2 - 39*j. Calculate d(6).
51
Let w(v) = -12*v**2 - 215957 - 3*v + 13*v**2 + 215958. Suppose 0 = x - 2*j - 13, 0 = -x - 4*j - 8 - 3. Calculate w(x).
11
Let z(q) = q**2 - 6*q - 3. Suppose -16*m + 9*m = -28. Suppose 3*v + 20 = -4*p, 3*p + m = 4*v + 14. What is z(p)?
13
Let q(n) = n**3 - 7*n**2 - n - 3. Let y(k) = 2*k**3 + 12*k**2 - 12*k + 28. Let g be y(-7). Suppose -g*c - 15*c = -203. Calculate q(c).
-10
Let p(l) = -l**3 - 22*l**2 + 23*l - 2. Let q be p(-23). Let u(x) = 19*x + 1. Let g(j) = -18*j - 1. Let t(z) = 7*g(z) + 6*u(z). Calculate t(q).
23
Let g(r) be the second derivative of -r**5/20 + 7*r**4/12 + 2*r**3/3 - 7*r**2/2 + r + 7. Determine g(6).
53
Let q(d) = 13*d - 3. Suppose 10*n = -159 + 69 + 70. What is q(n)?
-29
Let x(y) be the third derivative of -1/120*y**6 - 7/24*y**4 + 0*y + y**2 + 1/6*y**3 - 2/15*y**5 - 25. Determine x(-7).
1
Let t(w) be the first derivative of -7*w**3/3 - w**2/2 + 60*w + 35. Let r(l) be the first derivative of t(l). Determine r(1).
-15
Let q = -6973/5640 + 117/94. Let k(v) be the third derivative of q*v**6 + 0*v**3 - 1/12*v**4 + 0*v + 0 + 2*v**2 + 0*v**5. Determine k(2).
4
Let k(p) = p**2 + 3*p - 8. Suppose 360 - 320 = -10*z. Let m be -1*4/8*z + -8. Determine k(m).
10
Suppose 36*x - 182 + 470 = 0. Let d(l) be the third derivative of -l**6/120 - 3*l**5/20 - 5*l**4/12 + 4*l**3/3 + 85*l**2. Calculate d(x).
24
Let m(y) = -4 - 2*y**2 - 3*y + 0*y**2 + 2. Let f = -134 + 114. Let d = -23 - f. Give m(d).
-11
Let c(o) = -118*o**2 + 14 - 17*o + 3*o - o**3 - 2*o + 131*o**2. Give c(11).
80
Let n(m) = 10*m + 588*m**2 + 585*m**2 - 1172*m**2 - 7. Let p be -1*(4 + 15 - 0). Let o = 11 + p. Determine n(o).
-23
Let f = 54 + -93. Let y be ((-3)/2)/(f/208). Suppose -11*u + y*u = 12. Let l(k) = k + 4. Give l(u).
0
Let o(v) = 37*v - 879 - 23*v + 1155. Give o(-20).
-4
Let c = -5127 - -5119. Let z(l) = -l**2 - 7*l - 2. Give z(c).
-10
Let b(w) = -w**3 - 4*w**2 + 3*w + 2. Let d be b(-5). Let z be d/20 - (-8)/20. Let i(h) be the second derivative of h**3/2 + h**2/2 - h. Give i(z).
4
Suppose -13379 + 13187 = -48*d. Let k(c) = 33*c - 126. Determine k(d).
6
Suppose 7 = -a + 17*b - 12*b, -4*a = b - 14. Let d(p) = -16*p + 34. Give d(a).
-14
Let w = 4445 + -4447. Let r(b) = -b + 14. Determine r(w).
16
Let x(r) = -2*r**2 + 17*r - 16. Let p(v) = 13*v - 342. Let h be p(27). Calculate x(h).
-25
Let b = -18 - -21. Suppose -4*z + 48 = 2*p, 35 = 5*z - b*p - 14. Let j(q) = 2*q - 20. Let g be j(z). Let c(o) = 7*o - 2. Give c(g).
12
Let x(d) = -4*d**2 - 13*d + 13. Let s(m) = m**2 + 1. Let q(c) = 5*s(c) + x(c). Determine q(12).
6
Let f(c) be the second derivative of c**4/12 - c**3/2 + 7*c**2 + 1183*c. Give f(5).
24
Let p(j) = -j**3 + 2*j**2 + 4*j - 11. Let y = -33901 - -33906. Give p(y).
-66
Suppose 3 = -4*u + u - h, u + 2*h + 6 = 0. Let n(k) = -k**3 - k**2 - k - 25. Determine n(u).
-25
Let i(y) = -6*y + 4. Let c(g) = g - 1. Let a(k) = 22*c(k) + 4*i(k). Let b = 14119 + -14111. What is a(b)?
-22
Let j be (4/(-7))/(8/(-56)). Suppose 5*k + 3 = 4*a, -k = -5*a + j*k + 5. Let m(w) = 2 - 6*w - w**2 - a - 2. Determine m(-4).
6
Let k(m) = 7*m**2 - 6*m - 2. Suppose 0 = 1696*s - 1680*s - 64. Calculate k(s).
86
Suppose 0 = 2*m - 2 + 4. Let l be (m - 2/(-6))*3. Let a(y) = 29*y + 1. Let b(n) = 18*n + 1. Let f(v) = -3*a(v) + 5*b(v). Calculate f(l).
-4
Suppose -2*a - 3*a - 81 = -2*g, 217 = 4*g + a. Let c(y) = -g*y**2 + 155*y**2 - 53*y**2 + 5 - 55*y**2 + y**3. Give c(6).
5
Let u(k) be the second derivative of -2*k**3/3 - 19*k**2/2 + 22*k. Let w be u(-3). Let g(m) = 4 + 4 - 15 - m - 3. Calculate g(w).
-3
Suppose 6*o - 3 = 57. Let n(l) = 59*l + l**2 - 24*l + o - 26*l. Let p(y) = -y**2 + 8*y + 1. Let b be p(9). Give n(b).
2
Let o(x) = 45*x + 5. Let u(m) = 56*m + 7. Let a(v) = -5*o(v) + 4*u(v). What is a(-5)?
8
Let a(w) be the second derivative of w**4/12 - 4*w**3/3 + w**2/2 - w - 364. What is a(10)?
21
Let t be (-13)/(-2) + ((-45)/10 - -4). Let q(b) = b**3 - 8*b**2 + 11*b + 2. Determine q(t).
-4
Let p(h) = -h**3 + 2*h**2 + 4*h - 2. Let i(j) = j**3 - 18*j**2 + j - 15. Let w be i(18). Suppose -18 = -5*l - w. Give p(l).
1
Let r = -80 + 95. Suppose -r*g = 14*g - 261. Let o(n) = 2*n - 10. Calculate o(g).
8
Let r(p) be the second derivative of -p**3/6 - p**2 + p. Suppose 17*i - 3 - 51 = 8*i. Give r(i).
-8
Let c(s) = -s**3 + 8*s**2 - 5. Let g be 339/11 + 62/(-22) + 3. Suppose 0 = -17*h - g + 167. Determine c(h).
-5
Let g(x) = 2*x**2 + 89*x - 60. Let d be g(-45). Let z(i) = -i**2 - 13*i + 29. Give z(d).
-1
Let w(b) = -3*b - 51. Let q(p) = 14*p + 185. Let g(a) = q(a) + 4*w(a). Determine g(13).
7
Let k(c) = -2*c**3 + 3*c**2 - 3*c. Let o be 1/((-124)/(-215) - (-42)/(-70)). Let f = 45 + o. Give k(f).
-10
Let u = 95 - 91. Let f be 1/(u/(-7) + 355/560). Suppose 4 - f = 4*y. Let o(k) = k**2 + k - 1. Give o(y).
5
Let z = 154 + -152. Let b(t) = 0*t - 1 + z*t + 0 + 20. Determine b(-6).
7
Let l(i) = -i**2 + 8*i + 13. Let x be l(8). Let d(f) = -15 - 11 + 40 - x + f**2 - f - 7*f**2. Let u be 2 + (1 - -1)/(-2). Determine d(u).
-6
Let b(g) = -2*g**2 - 6*g - 5. Let k be (55/35 - 1) + 2568/14. Suppose 41*y - 61 = -k. Calculate b(y).
-5
Let w(g) = 3*g**3 + 4*g**2 - 4*g - 6. Let s be w(-2). Suppose -15 = 5*m, 4 = 5*y + m + m. Let d(u) = -5*u + 5 - 5 - 4 - 6*u**y - u**3 - 2. What is d(s)?
24
Let q(r) be the second derivative of -r**4/6 - 8*r**3 + 20*r**2 + 978*r. Calculate q(-25).
-10
Let x(n) = n - 15. Let f(q) = -19*q**2 - 29*q + 174. Let z(a) = -35*a**2 - 58*a + 348. Let v(r) = -11*f(r) + 6*z(r). Let s be v(5). Give x(s).
-11
Let y(f) = 12*f**2 - 17*f - 23. Suppose 0*l + l = -6. Let j(t) = -4*t**2 + 6*t + 8. Let d(h) = l*y(h) - 17*j(h). Suppose -8*s = 9 - 4 + 11. Determine d(s).
-14
Let j(a) be the third derivative of a**7/840 + a**6/240 - 7*a**5/120 - 233*a**4/24 - 9*a**2 + 3*a. Let b(x) be the second derivative of j(x). What is b(-5)?
53
Let s(t) be the third derivative of -t**4/12 + t**3 - t**2. Suppose -74*y + 136 = -66*y. Suppose 4*q - y = 4*a - 1, a - 20 = -5*q. Give s(q).
-2
Let i(n) be the first derivative of n**3 - n**2/2 - 2*n - 238. Let p be (-2)/4 - 106/4. Let l be 1/(-4) - p/12. What is i(l)?
8
Suppose 2*b + 3*i + 24 = -1, -5 = 5*b - 4*i. Let y(x) = -5*x**2 - 26*x + 3. Calculate y(b).
8
Suppose 14411*c - 14425*c - 28 = 0. Let g(w) = -12*w**3 - w**2 + w. Calculate g(c).
90
Suppose -40*w + 3663 = -172*w - 201*w. Let z(j) be the third derivative of -j**5/60 - 11*j**4/24 + 5*j**3/6 + j**2. What is z(w)?
5
Let c(z) = -2*z**3 + 20*z**2 - 20*z + 24. Let f(u) = 3*u**3 - 38*u**2 + 33*u - 45. Let w(t) = 5*c(t) + 3*f(t). What is w(-14)?
-1
Let i(h) = h**3 + 5*h**2 - 4*h + 4. Suppose -552 = -5*w + 1323. Let c = w - 381. Give i(c).
-8
Let d(a) be the first derivative of -a + 5/2*a**2 - 1/4*a**4 - 20 + a**3. G